{"id":3713,"date":"2020-10-14T23:15:57","date_gmt":"2020-10-14T23:15:57","guid":{"rendered":"http:\/\/bih-chm-cbd.ba\/?page_id=3713"},"modified":"2020-11-09T23:25:14","modified_gmt":"2020-11-09T23:25:14","slug":"faq-2","status":"publish","type":"page","link":"http:\/\/bih-chm-cbd.ba\/?page_id=3713&lang=bs","title":{"rendered":"FAQ"},"content":{"rendered":"<h4>\u010cesto postavljena pitanja&#8230;<\/h4>\n<h5>\u0160to je to Mehanizam za razmjenu informacija o biolo\u0161koj raznolikosti (CHM)?<\/h5>\n<p>Pojam &#8220;clearing-house&#8221; (klirin\u0161ka ku\u0107a) je prvobitno ozna\u010davao finansijsko tijelo gdje su se prebijali ra\u010duni i \u010dekovi izme\u0111u banaka \u010dlanica, na na\u010din da su se samo neto razlike trebale izmirivati u gotovom novcu. Danas je zna\u010denje termina pro\u0161ireno kako bi uklju\u010divalo bilo koju agenciju ili tijelo koje okuplja one koji tra\u017ee i one koji nude robe, usluge ili informacije, uskla\u0111uju\u0107i na taj na\u010din ponudu i potra\u017enju.<\/p>\n<h4>\u0160ta je uloga Nacionalne CHM kontakt ta\u010dke (National Focal Point &#8211; NFP)?<\/h4>\n<p>Djeluju\u0107i kao jedan od kanala komunikacije izme\u0111u nacionalnog i regionalnih nivoa sa Sekretarijatom Konvencije o Biolo\u0161koj raznolikosti, Nacionalna CHM kontakt ta\u010dka (NFP) promovira i olak\u0161ava aktivnosti kojima se pru\u017ea potpora tehni\u010dkoj i znanstvenoj suradnji.<\/p>\n<h4>Za\u0161to uspostaviti Nacionalni CHM Website?<\/h4>\n<p>Kori\u0161tenje novih informacionih tehnologija za podr\u0161ku aktivnostima nacionalnog mehanizma (CHM-a) nudi mnoge pogodnosti. Me\u0111u tim novim tehnologijama najpopularnije i najra\u0161irenije su one koje koriste World Wide Web (WWW). I zaista, ni jedna druga tehnologija ne mo\u017ee doprijeti do tako velikog broja ljudi, u tako mnogo regiona, i po tako niskoj cijeni. \u0160tavi\u0161e, ni jedna druga tehnologija ne mo\u017ee integrirati toliko drugih tehnologija na tako fleksibilan i lak na\u010din. Iako je veliki broj Strana Konvencije uspostavio svoje nacionalne CHM-ove i isto toliko ih ima pristup e-mailu, vrlo mali broj njih je izradio svoje nacionalne CHM internet stranice. Svrha ovog modula jeste pomo\u0107i Stranama da izrade svoje nacionalne CHM internetske stranice i ponude vo\u0111stvo i smjernice u organizaciji informacija koje su dostupne putem tih stranica.<\/p>\n","protected":false},"excerpt":{"rendered":"<p>\u010cesto postavljena pitanja&#8230; \u0160to je to Mehanizam za razmjenu informacija o biolo\u0161koj raznolikosti (CHM)? Pojam &#8220;clearing-house&#8221; (klirin\u0161ka ku\u0107a) je prvobitno ozna\u010davao finansijsko tijelo gdje su se prebijali ra\u010duni i \u010dekovi izme\u0111u banaka \u010dlanica, na na\u010din da su se samo neto razlike trebale izmirivati u gotovom novcu. Danas je zna\u010denje termina pro\u0161ireno kako bi uklju\u010divalo bilo [&hellip;]<\/p>\n","protected":false},"author":1,"featured_media":0,"parent":0,"menu_order":0,"comment_status":"closed","ping_status":"closed","template":"","meta":{"_bbp_topic_count":0,"_bbp_reply_count":0,"_bbp_total_topic_count":0,"_bbp_total_reply_count":0,"_bbp_voice_count":0,"_bbp_anonymous_reply_count":0,"_bbp_topic_count_hidden":0,"_bbp_reply_count_hidden":0,"_bbp_forum_subforum_count":0},"_links":{"self":[{"href":"http:\/\/bih-chm-cbd.ba\/index.php?rest_route=\/wp\/v2\/pages\/3713"}],"collection":[{"href":"http:\/\/bih-chm-cbd.ba\/index.php?rest_route=\/wp\/v2\/pages"}],"about":[{"href":"http:\/\/bih-chm-cbd.ba\/index.php?rest_route=\/wp\/v2\/types\/page"}],"author":[{"embeddable":true,"href":"http:\/\/bih-chm-cbd.ba\/index.php?rest_route=\/wp\/v2\/users\/1"}],"replies":[{"embeddable":true,"href":"http:\/\/bih-chm-cbd.ba\/index.php?rest_route=%2Fwp%2Fv2%2Fcomments&post=3713"}],"version-history":[{"count":3,"href":"http:\/\/bih-chm-cbd.ba\/index.php?rest_route=\/wp\/v2\/pages\/3713\/revisions"}],"predecessor-version":[{"id":3833,"href":"http:\/\/bih-chm-cbd.ba\/index.php?rest_route=\/wp\/v2\/pages\/3713\/revisions\/3833"}],"wp:attachment":[{"href":"http:\/\/bih-chm-cbd.ba\/index.php?rest_route=%2Fwp%2Fv2%2Fmedia&parent=3713"}],"curies":[{"name":"wp","href":"https:\/\/api.w.org\/{rel}","templated":true}]}}