{"id":3662,"date":"2020-10-14T22:03:48","date_gmt":"2020-10-14T22:03:48","guid":{"rendered":"http:\/\/bih-chm-cbd.ba\/?page_id=3662"},"modified":"2021-01-31T16:12:26","modified_gmt":"2021-01-31T16:12:26","slug":"institucionalni-okvir","status":"publish","type":"page","link":"http:\/\/bih-chm-cbd.ba\/?page_id=3662&lang=bs","title":{"rendered":"Institucionalni okvir"},"content":{"rendered":"<div class=\"fusion-fullwidth fullwidth-box fusion-builder-row-1 fusion-flex-container nonhundred-percent-fullwidth non-hundred-percent-height-scrolling\" style=\"background-color: rgba(255,255,255,0);background-position: center center;background-repeat: no-repeat;border-width: 0px 0px 0px 0px;border-color:#eae9e9;border-style:solid;\" ><div class=\"fusion-builder-row fusion-row fusion-flex-align-items-flex-start\" style=\"max-width:1216.8px;margin-left: calc(-4% \/ 2 );margin-right: calc(-4% \/ 2 );\"><div class=\"fusion-layout-column fusion_builder_column fusion-builder-column-0 fusion_builder_column_1_2 1_2 fusion-flex-column\"><div class=\"fusion-column-wrapper fusion-flex-justify-content-flex-start fusion-content-layout-column\" style=\"background-position:left top;background-repeat:no-repeat;-webkit-background-size:cover;-moz-background-size:cover;-o-background-size:cover;background-size:cover;padding: 0px 0px 0px 0px;\"><div class=\"fusion-text fusion-text-1\"><h3 style=\"color: #a0ce4e;\"><b>Institucije za za\u0161titu okoli\u0161a na dr\u017eavnom nivou<\/b><\/h3>\n<p><b>Ministarstvo vanjske trgovine i ekonomskih odnosa Bosne i Hercegovine<\/b><br \/>\nWebsite: <a href=\"http:\/\/www.mvteo.gov.ba\/Language.aspx\">www.mvteo.gov.ba<\/a><br \/>\n<a href=\"http:\/\/www.mvteo.gov.ba\/Content\/Read\/vodni-resursi-zastita-okoline-izvjestaji-publikacije\">Izvje\u0161taji, publikacije i prezentacije\u00a0<strong>\u00a0<\/strong><\/a><\/p>\n<p><b>Ministarstvo komunikacija i prometa Bosne i Hercegovine<\/b><br \/>\nWebsite: <a href=\"http:\/\/www.mkt.gov.ba\/Language.aspx\">www.mkt.gov.ba<\/a><\/p>\n<p><strong>Uprava Bosne i Hercegovine za za\u0161titu zdravlja bilja<\/strong><br \/>\nWebsite: <a href=\"http:\/\/www.uzzb.gov.ba\/\">www.uzzb.gov.ba<\/a><\/p>\n<p><strong>Ured za veterinarstvo Bosne i Hercegovine<\/strong><br \/>\nWebsite: <a href=\"http:\/\/www.vet.gov.ba\/\">www.vet.gov.ba<\/a><\/p>\n<p><strong>Agencija za statistiku Bosne i Hercegovine<\/strong><br \/>\nWebsite: <a href=\"http:\/\/www.bhas.ba\/\">www.bhas.ba<\/a><\/p>\n<p><strong>Agencija za sigurnost hrane Bosne i Hercegovine<\/strong><br \/>\nWebsite: <a href=\"http:\/\/www.fsa.gov.ba\/\">www.fsa.gov.ba<\/a><\/p>\n<h3 style=\"color: #a0ce4e;\">Institucije za za\u0161titu okoli\u0161a na entitetskom nivou<\/h3>\n<h4><b style=\"color: #a0ce4e;\">Federacija Bosne i Hercegovine (FBiH)<\/b><\/h4>\n<p><strong>Federalno ministarstvo okoli\u0161a i turima<\/strong><br \/>\nWebsite: <a href=\"http:\/\/www.fmoit.gov.ba\">www.fmoit.gov.ba<\/a><\/p>\n<p><strong>Federalno ministarstvo prostornog ure\u0111enja<\/strong><br \/>\nWebsite: <a href=\"http:\/\/www.fmpu.gov.ba\">www.fmpu.gov.ba<\/a><\/p>\n<p><strong>Federalno ministarstvo poljoprivrede, vodoprivrede i \u0161umarstva<\/strong><br \/>\nWebsite: <a href=\"http:\/\/www.fmpvs.gov.ba\">www.fmpvs.gov.ba<\/a><\/p>\n<p><strong>Federalno ministarstvo energije, rudarstva i industrije<\/strong><br \/>\nWebsite: <a href=\"http:\/\/www.fmeri.gov.ba\">www.fmeri.gov.ba<\/a><\/p>\n<p><strong>Federalna uprava za inspekcijske poslove<\/strong><br \/>\nWebsite: <a href=\"http:\/\/www.fuzip.gov.ba\">www.fuzip.gov.ba<\/a><\/p>\n<p><strong>Federalno ministarstvo obrazovanja i nauke<\/strong><br \/>\nWebsite: <a href=\"http:\/\/www.fmon.gov.ba\">www.fmon.gov.ba<\/a><\/p>\n<h4><b style=\"color: #a0ce4e;\">Republika Srpska (RS)<\/b><\/h4>\n<p><strong>Ministarstvo za prostorno ure\u0111enje, gra\u0111evinarstvo i ekologiju RS<\/strong><br \/>\nWebsite: <a href=\"https:\/\/www.vladars.net\/sr-SP-Cyrl\/Vlada\/Ministarstva\/Pages\/Splash.aspx\">www.vladars.net<\/a><\/p>\n<p><strong>Ministarstvo poljoprivrede, \u0161umarstva i vodoprivrede RS<\/strong><br \/>\nWebsite: <a href=\"https:\/\/www.vladars.net\/sr-SP-Cyrl\/Vlada\/Ministarstva\/Pages\/Splash.aspx\">www.vladars.net<\/a><\/p>\n<p><strong>Ministarstvo industrije, energetike i rudarstva RS<\/strong><br \/>\nWebsite: <a href=\"https:\/\/www.vladars.net\/sr-SP-Cyrl\/Vlada\/Ministarstva\/Pages\/Splash.aspx\">www.vladars.net<\/a><\/p>\n<p><strong>Ministarstvo nauke i tehnologije RS<\/strong><br \/>\nWebsite: <a href=\"http:\/\/www.vladars.net\">www.vladars.net<\/a><\/p>\n<p><strong>Republi\u010dka uprava za inspekcijske poslove RS<\/strong><br \/>\nWebsite: <a href=\"http:\/\/www.inspektorat.vladars.net\">www.inspektorat.vladars.net<\/a><\/p>\n<p><strong>Ministarstvo prosvjete i kulture RS<\/strong><br \/>\nWebsite: <a href=\"https:\/\/www.vladars.net\/sr-SP-Cyrl\/Vlada\/Ministarstva\/Pages\/Splash.aspx\">www.vladars.net<\/a><\/p>\n<h4><strong style=\"color: #a0ce4e;\">Br\u010dko Distrikt (BD)<\/strong><\/h4>\n<p><strong>Odjeljenje za prostorno planiranje i imovinsko-pravne poslove BD (Pododjeljenje za prostorno planiranje, urbanizam i za\u0161titu okoline)<\/strong><br \/>\nWebsite: <a href=\"http:\/\/ppipo.bdcentral.net\/Content\/Read\/o_odjeljenju\">www.bdcentral.net<\/a><\/p>\n<p><strong>Odjeljenje za poljoprivredu, \u0161umarstvo i vodoprivredu BD<\/strong><br \/>\nWebsite: <a href=\"http:\/\/psv.bdcentral.net\/Content\/Read\/o_odjeljenju\">www.bdcentral.net<\/a><\/p>\n<p><strong>Odjeljenje za obrazovanje BD<\/strong><br \/>\nWebsite: <a href=\"http:\/\/www.bdcentral.net\">www.bdcentral.net<\/a><\/p>\n<\/div><\/div><\/div><style type=\"text\/css\">.fusion-body .fusion-builder-column-0{width:50% !important;margin-top : 0px;margin-bottom : 20px;}.fusion-builder-column-0 > .fusion-column-wrapper {padding-top : 0px !important;padding-right : 0px !important;margin-right : 3.84%;padding-bottom : 0px !important;padding-left : 0px !important;margin-left : 3.84%;}@media only screen and (max-width:1024px) {.fusion-body .fusion-builder-column-0{width:100% !important;order : 0;}.fusion-builder-column-0 > .fusion-column-wrapper {margin-right : 1.92%;margin-left : 1.92%;}}@media only screen and (max-width:640px) {.fusion-body .fusion-builder-column-0{width:100% !important;order : 0;}.fusion-builder-column-0 > .fusion-column-wrapper {margin-right : 1.92%;margin-left : 1.92%;}}<\/style><div class=\"fusion-layout-column fusion_builder_column fusion-builder-column-1 fusion_builder_column_1_2 1_2 fusion-flex-column\"><div class=\"fusion-column-wrapper fusion-flex-justify-content-flex-start fusion-content-layout-column\" style=\"background-position:left top;background-repeat:no-repeat;-webkit-background-size:cover;-moz-background-size:cover;-o-background-size:cover;background-size:cover;padding: 0px 0px 0px 0px;\"><div class=\"fusion-text fusion-text-2\"><h3 style=\"color: rgb(160, 206, 78); --fontSize:28; line-height: 1.6;\" data-fontsize=\"28\" data-lineheight=\"44.8px\" class=\"fusion-responsive-typography-calculated\"><b>Institucije za za\u0161titu okoli\u0161a na entitetskom nivou<br \/>\n<\/b><\/h3>\n<h4 style=\"color: rgb(160, 206, 78); --fontSize:18; line-height: 1.87; --minFontSize:18;\" data-fontsize=\"18\" data-lineheight=\"33.66px\" class=\"fusion-responsive-typography-calculated\"><b>Federacija Bosne i Hercegovine (FBiH)<\/b><\/h4>\n<p><strong>Fond za za\u0161titu okoli\u0161a FBiH<\/strong><br \/>\nWebsite: <a href=\"http:\/\/www.fzofbih.org.ba\/v2\/index.php\">www.fzofbih.org.ba<\/a><\/p>\n<p><strong>Agencija za vodno podru\u010dje rijeke Save<\/strong><br \/>\nWebsite: <a href=\"http:\/\/www.voda.ba\/\">www.voda.ba<\/a><\/p>\n<p><strong>Agencija za vodno podru\u010dje Jadranskog mora<\/strong><br \/>\nWebsite: <a href=\"http:\/\/www.jadran.ba\/\">www.jadran.ba<\/a><\/p>\n<p><strong>Zavod za statistiku FBiH<\/strong><br \/>\nWebsite: <a href=\"http:\/\/www.fzs.ba\/\">www.fzs.ba<\/a><\/p>\n<p><strong>Federalni hidrometeorolo\u0161ki zavod<\/strong><br \/>\nWebsite: <a href=\"http:\/\/www.fhmzbih.gov.ba\/\">www.fhmzbih.gov.ba<\/a><\/p>\n<p><strong>Federalna uprava za geodetske poslove<\/strong><br \/>\nWebsite: <a href=\"http:\/\/www.fgu.com.ba\/?cookies=1\">www.fgu.com.ba<\/a><\/p>\n<p><strong>Federalni zavod za agropedologiju<\/strong><br \/>\nWebsite: <a href=\"http:\/\/www.agropedologija.gov.ba\/en\">www.agropedologija.gov.ba<\/a><\/p>\n<p><strong>Federalni zavod za poljoprivredu<\/strong><br \/>\nWebsite: www.fzzp.com.ba<\/p>\n<p><strong>Federalni Agromediteranski zavod Mostar<\/strong><br \/>\nWebsite: <a href=\"http:\/\/www.faz.ba\/\">www.faz.ba<\/a><\/p>\n<p><strong>Institut za hidrotehniku Sarajevo<\/strong><br \/>\nWebsite: <a href=\"http:\/\/www.heis.com.ba\/\">www.heis.com.ba<\/a><\/p>\n<p><strong>Prirodno-matemati\u010dki fakultet Univerziteta u Sarajevu<\/strong><br \/>\nWebsite: <a href=\"http:\/\/www.pmf.unsa.ba\/\">www.pmf.unsa.ba<\/a><\/p>\n<p><strong>Prirodno &#8211; matemati\u010dki fakultet Univerziteta u Tuzli<\/strong><br \/>\nWebsite: <a href=\"http:\/\/www.pmf.untz.ba\/\">www.pmf.untz.ba<\/a><\/p>\n<p><strong>Fakultet prirodoslovno-matemati\u010dkih i odgojnih znanosti Sveu\u010dili\u0161ta u Mostaru<\/strong><br \/>\nWebsite: <a href=\"http:\/\/www.sum.ba\/\">www.sum.ba<\/a><\/p>\n<p><strong>Poljoprivredno-prehrambeni fakultet Univerziteta u Sarajevu<\/strong><br \/>\nWebsite: <a href=\"http:\/\/www.pmf.unsa.ba\/\">www.ppf.unsa.ba<\/a><\/p>\n<p><strong>Agromediteranski fakultet Univerziteta \u201eD\u017eemal Bijedi\u0107\u201c u Mostaru<\/strong><br \/>\nWebsite: <a href=\"http:\/\/www.af.unmo.ba\/\">www.af.unmo.ba<\/a><\/p>\n<p><strong>Agronomski i prehrambeno-tehnolo\u0161ki fakultet Sveu\u010dili\u0161ta u Mostaru<\/strong><br \/>\nWebsite: <a href=\"http:\/\/www.sum.ba\/\">www.sum.ba<\/a><\/p>\n<p><strong>\u0160umarski fakultet Univerziteta u Sarajevu<\/strong><br \/>\nWebsite: <a href=\"http:\/\/www.sfsa.unsa.ba\/\">www.sfsa.unsa.ba<\/a><\/p>\n<p><strong>Institut za geneti\u010dko in\u017eenjerstvo i biotehnologiju<\/strong><\/p>\n<p>Website: <a href=\"http:\/\/www.ingeb.ba\/\">www.ingeb.ba<\/a><\/p>\n<p><strong>Zemaljski muzej Bosne i Hercegovine<\/strong><br \/>\nWebsite: <a href=\"http:\/\/www.zemaljskimuzej.ba\/\">www.zemaljskimuzej.ba<\/a><\/p>\n<h4 data-fontsize=\"18\" data-lineheight=\"33.66px\" class=\"fusion-responsive-typography-calculated\" style=\"--fontSize:18; line-height: 1.87; --minFontSize:18;\"><strong style=\"color: #a0ce4e;\">Republika Srpska (RS)<\/strong><\/h4>\n<p><strong>Fond za za\u0161titu \u017eivotne sredine i energetsku efikasnost RS<\/strong><br \/>\nWebsite: <a href=\"http:\/\/www.ekofondrs.org\/\">www.ekofondrs.org<\/a><\/p>\n<p><strong>Javna ustanova &#8220;VODE SRPSKE&#8221;<\/strong><br \/>\nWebsite: <a href=\"http:\/\/www.voders.org\/\">www.voders.org<\/a><\/p>\n<p><strong>Republi\u010dki zavod za statistiku RS<\/strong><br \/>\nWebsite: <a href=\"http:\/\/www.rzs.rs.ba\/\">www.rzs.rs.ba<\/a><\/p>\n<p><strong>Republi\u010dki hidrometeorolo\u0161ki zavod RS<\/strong><br \/>\nWebsite: <a href=\"http:\/\/www.rhmzrs.com\/\">www.rhmzrs.com<\/a><\/p>\n<p><strong>Republi\u010dki zavod za za\u0161titu kulturno-istorijskog i prirodnog naslje\u0111a RS<\/strong><br \/>\nWebsite: <a href=\"http:\/\/www.nasljedje.org\/\">www.nasljedje.org<\/a><\/p>\n<p><strong>Urbanisti\u010dki zavod RS<\/strong><br \/>\nWebsite: <a href=\"http:\/\/www.iu-rs.com\/\">www.iu-rs.com<\/a><\/p>\n<p><strong>Poljoprivredni institut RS<\/strong><br \/>\nWebsite: <a href=\"http:\/\/www.poljinstrs.org\/sr-RS\/\">www.poljinstrs.org<\/a><\/p>\n<p><strong>\u0160umarski fakultet Univerziteta u Banjoj Luci<\/strong><br \/>\nWebsite: <a href=\"http:\/\/www.sfbl.org\/\">www.sfbl.org<\/a><\/p>\n<p><strong>Poljoprivredni fakultet Univerziteta u Banjoj Luci<\/strong><br \/>\nWebsite: <a href=\"http:\/\/agrofabl.org\/\">www.agric.rs.sr<\/a><\/p>\n<p><strong>Prirodno-matemati\u010dki fakultet Univerziteta u Banjoj Luci<\/strong><br \/>\nWebsite: <a href=\"http:\/\/www.pmf.unibl.org\/\">www.pmf.unibl.org<\/a><\/p>\n<p><strong>Institut za geneti\u010dke resurse Univerziteta u Banjoj Luci<\/strong><br \/>\nWebsite: <a href=\"http:\/\/www.gri.unibl.org\/\">www.gri.unibl.org<\/a><\/p>\n<\/div><\/div><\/div><style type=\"text\/css\">.fusion-body .fusion-builder-column-1{width:50% !important;margin-top : 0px;margin-bottom : 20px;}.fusion-builder-column-1 > .fusion-column-wrapper {padding-top : 0px !important;padding-right : 0px !important;margin-right : 3.84%;padding-bottom : 0px !important;padding-left : 0px !important;margin-left : 3.84%;}@media only screen and (max-width:1024px) {.fusion-body .fusion-builder-column-1{width:100% !important;order : 0;}.fusion-builder-column-1 > .fusion-column-wrapper {margin-right : 1.92%;margin-left : 1.92%;}}@media only screen and (max-width:640px) {.fusion-body .fusion-builder-column-1{width:100% !important;order : 0;}.fusion-builder-column-1 > .fusion-column-wrapper {margin-right : 1.92%;margin-left : 1.92%;}}<\/style><\/div><style type=\"text\/css\">.fusion-body .fusion-flex-container.fusion-builder-row-1{ padding-top : 0px;margin-top : 0px;padding-right : 0px;padding-bottom : 0px;margin-bottom : 0px;padding-left : 0px;}<\/style><\/div>\n","protected":false},"excerpt":{"rendered":"","protected":false},"author":1,"featured_media":0,"parent":0,"menu_order":0,"comment_status":"closed","ping_status":"closed","template":"","meta":{"_bbp_topic_count":0,"_bbp_reply_count":0,"_bbp_total_topic_count":0,"_bbp_total_reply_count":0,"_bbp_voice_count":0,"_bbp_anonymous_reply_count":0,"_bbp_topic_count_hidden":0,"_bbp_reply_count_hidden":0,"_bbp_forum_subforum_count":0},"_links":{"self":[{"href":"http:\/\/bih-chm-cbd.ba\/index.php?rest_route=\/wp\/v2\/pages\/3662"}],"collection":[{"href":"http:\/\/bih-chm-cbd.ba\/index.php?rest_route=\/wp\/v2\/pages"}],"about":[{"href":"http:\/\/bih-chm-cbd.ba\/index.php?rest_route=\/wp\/v2\/types\/page"}],"author":[{"embeddable":true,"href":"http:\/\/bih-chm-cbd.ba\/index.php?rest_route=\/wp\/v2\/users\/1"}],"replies":[{"embeddable":true,"href":"http:\/\/bih-chm-cbd.ba\/index.php?rest_route=%2Fwp%2Fv2%2Fcomments&post=3662"}],"version-history":[{"count":7,"href":"http:\/\/bih-chm-cbd.ba\/index.php?rest_route=\/wp\/v2\/pages\/3662\/revisions"}],"predecessor-version":[{"id":4146,"href":"http:\/\/bih-chm-cbd.ba\/index.php?rest_route=\/wp\/v2\/pages\/3662\/revisions\/4146"}],"wp:attachment":[{"href":"http:\/\/bih-chm-cbd.ba\/index.php?rest_route=%2Fwp%2Fv2%2Fmedia&parent=3662"}],"curies":[{"name":"wp","href":"https:\/\/api.w.org\/{rel}","templated":true}]}}